3*r**2 + 7*r - 2. Calculate the remainder when q(13) is divided by 10.
9
Let h = 0 - -5. Suppose y + 4*y + h*a - 35 = 0, 23 = 4*y + 3*a. Suppose 0 = l + y*l - 132. What is the remainder when l is divided by 15?
14
Let y be 6/4 - 135/10. Let d = 17 + y. What is the remainder when 14 is divided by d?
4
Let s = 0 + 3. What is the remainder when s is divided by 3?
0
Let g(m) = -m**2 + 7*m - 1. Calculate the remainder when -3 - -2*(-17)/(-1) is divided by g(4).
9
Suppose 5 = 3*b - 2*b. Let j(g) be the third derivative of g**6/120 + g**5/10 - g**4/3 + g**3/6 - 3*g**2. Calculate the remainder when j(-7) is divided by b.
3
Let r(x) = x**3 - 11*x**2 - 12*x + 15. Let n be r(12). Calculate the remainder when 10/n + 46/3 is divided by 10.
6
Suppose 2*o = -4*g + 16, -5*g + 4*o + 7 = -0*g. Calculate the remainder when 23 is divided by (-2 + g)/((-2)/(-24)).
11
Let o be (2 + -5)/(2/(-2)). Suppose -3*m - 5*z + 4 = 0, -o*z = -5*m + 2*m - 36. Let w = m - -10. Calculate the remainder when w is divided by 2.
1
Suppose w - 3 = -0. Suppose -4*f - 28 = -2*y + 10, -5*f = -w*y + 58. Calculate the remainder when y is divided by 12.
9
Suppose -4*w = 2*z + w - 31, 0 = -3*w + 3. Calculate the remainder when 25 is divided by z.
12
Let n = -214 - -305. Calculate the remainder when n is divided by 19.
15
Suppose y + 4*y = 15. Suppose 0*j - 4*j = -8. Let r = j + 6. What is the remainder when r is divided by y?
2
Let h(n) = 2*n**3 - 2. Suppose 14 - 4 = 5*v. Let y be h(v). Suppose -y = -z - 3*a + 14, 3*a + 96 = 3*z. Calculate the remainder when z is divided by 11.
9
Let s be 3 + -1 + 0 - -3. Suppose -2*l - a + 20 = -5*a, -3*l - s*a = -41. What is the remainder when (-149)/(-7) + (-2)/7 is divided by l?
9
Let l(c) be the second derivative of 29*c**5/20 + c**4/6 - c**2/2 + 4*c. What is the remainder when l(1) is divided by 16?
14
Let c(r) = r**3 + 6*r**2 - 2*r + 7. Calculate the remainder when c(-6) is divided by 7.
5
Let v = 33 + -22. Calculate the remainder when v is divided by 4.
3
Let w = 11 - 2. What is the remainder when 26 is divided by w?
8
Let l = -116 - -917. Let u = l - 324. Calculate the remainder when (-2)/(-7) + u/21 is divided by 12.
11
Let d(c) = 2*c + 16. Let o be d(-8). Suppose 2*t = 4*w + 5*t - 6, o = 5*w - 4*t - 23. What is the remainder when 8 is divided by w?
2
Suppose 0 = -5*j - 5, -2*f + 0*j + 10 = -4*j. Suppose -5*y + 3*u = -10, -2*u + 10 = -f*y + 3*u. Calculate the remainder when 10 is divided by 0/(-1) + y + -1.
2
Suppose 2*p = 40 + 6. What is the remainder when p is divided by 14?
9
Suppose -3*m + 4 = -8. Let i be (-2 - m/7)*-7. Let q = 52 - i. What is the remainder when q is divided by 12?
10
Suppose x = 4*x + 99. What is the remainder when 27 is divided by x/(-2) + (-6)/4?
12
Suppose 4*j + 2*f - 2224 = 1816, -2*j = -3*f - 2020. Let p(q) = 3*q - 6. Calculate the remainder when j/40 + 2/(-8) is divided by p(5).
7
Let v(x) = x**3 + 2*x**2 + 35. Let g(i) = -i + 6. Let d be g(6). What is the remainder when v(d) is divided by 9?
8
Let v = 0 - -15. What is the remainder when 27 is divided by v?
12
Suppose 1 + 1 = b. Suppose b*i - 12 = -2*i. Let s = -6 - -14. Calculate the remainder when s is divided by i.
2
Let v = 17 - 1. Let p = -3 + 2. Calculate the remainder when p/(-2 + 1)*47 is divided by v.
15
Suppose -130 = -6*j + 110. Calculate the remainder when j is divided by 11.
7
Suppose -177 = -3*c + 60. What is the remainder when c is divided by 20?
19
What is the remainder when (1 + -2 + -1)/((-4)/114) is divided by 16?
9
Suppose 2*s + 4*k - 27 = -9, 0 = -5*s + k + 45. Suppose -l + 16 = 13. What is the remainder when s is divided by l?
0
Suppose -21 = -2*p - p. Let b = p + 9. Calculate the remainder when -2 - (3 - 5 - 31) is divided by b.
15
Let g be (-18 + (-1 - -3))/(-2). Suppose j = g + 3. What is the remainder when 41 is divided by j?
8
Let b = -16 + 30. What is the remainder when b is divided by 9?
5
Suppose -11*l + 2*l = -126. Calculate the remainder when 49 is divided by l.
7
Let k = 7 + 1. Calculate the remainder when 13 is divided by k.
5
Suppose 4*l - 70 = -14. What is the remainder when 82 is divided by l?
12
Calculate the remainder when (84/(-9))/((-4)/6) is divided by 4.
2
Let n = -34 + 64. Calculate the remainder when 37 is divided by n.
7
Suppose g - 5*s = -22, -5*g - 5*s - 7 = -47. Suppose 38 = g*t - 1. What is the remainder when t is divided by 7?
6
Let m(z) = -33*z - 9. Calculate the remainder when m(-4) is divided by 18.
15
Let g(d) = d - 4. Let u be g(6). Suppose -7*b = -u*b - 160. What is the remainder when b is divided by 17?
15
Let j be 2/((-6)/(-3))*3. Suppose -x + j = -2. Suppose 2*v - g = 3*v - 2, 0 = 2*v - x*g + 3. What is the remainder when 1 is divided by v?
0
Calculate the remainder when (-1 + 16/12)*57 is divided by 10.
9
Suppose 3*z - 92 = -32. Let y(m) = -m**2 - 11*m - 18. Calculate the remainder when z is divided by y(-5).
8
What is the remainder when 137 is divided by (1/3)/(13/1365)?
32
Let d(q) = 2*q**3 + 15*q**2 - 7*q + 7. Calculate the remainder when d(-6) is divided by 20.
17
Suppose 0 = 5*o + 8 - 43. Suppose -2*s + 3 = -7, 0 = d + 4*s - 46. Calculate the remainder when d is divided by o.
5
Let p be 1/3 + 21/(-9). What is the remainder when 38 is divided by -20*((-2)/(-2) + p)?
18
Let u(m) = -3*m**3 + 1 - 10*m + 0*m**3 - 9*m**2 + 3*m**3 - m**3. Calculate the remainder when u(-8) is divided by 9.
8
Suppose 126 = z + l, -1 - 4 = l. What is the remainder when z is divided by 34?
29
Let g(b) = b**3 + 7*b**2 + 5*b + 9. Calculate the remainder when 58 is divided by g(-6).
13
Suppose 0*t + 12 = 2*t. Suppose -t*g + g = 5. Calculate the remainder when (35 - 2)*(g + 2) is divided by 17.
16
Let l(o) = 2 - 3*o**3 + 2*o**3 + 1 + 5*o - 4*o**2. Let z be l(-5). What is the remainder when (-444)/8*(-4)/z is divided by 25?
24
Let f = -17 + 23. Calculate the remainder when 8 is divided by f.
2
Suppose -5*k = 4*u - 26, u + 4*u - 16 = 2*k. Suppose 3*y - k*l - 42 = 0, -y - 4 = -5*l - 5. Calculate the remainder when y is divided by 24/(2 + 1) + -2.
4
Suppose -3 - 1 = r. Let h = r + 14. What is the remainder when 19 is divided by h?
9
Let f be (-50)/(-4)*12/(-15). Let i be (-6)/f - (-272)/(-20). Let q = i + 33. What is the remainder when 39 is divided by q?
19
Let a(u) = -2*u**3 + 37*u**2 - 18*u + 13. Let n be ((-16)/(-6))/(-2)*-3. Suppose -n*k = -55 - 41. Calculate the remainder when k is divided by a(18).
11
Let j = 22 - 15. Let m = j + 4. Calculate the remainder when 19 is divided by m.
8
Let s = -33 + 23. Let l = 35 + s. Calculate the remainder when 98 is divided by l.
23
Let f = 49 - 41. Suppose -3*p + 0*p + 9 = 0. Calculate the remainder when f is divided by p.
2
Suppose 5*g = 1 + 4, 0 = 5*t - 4*g - 76. Let b(d) = -d**2 - 12*d - 7. Let i be b(-13). Let m = i - -66. What is the remainder when m is divided by t?
14
Suppose -31 = -5*w + 2*s - 2, 2*s + 4 = 0. Suppose 5*g + a - 42 = -a, -w*a = -5. Calculate the remainder when 30 is divided by g.
6
Suppose -a + 18 = a. Let f = -5 + a. Suppose -3*r + 0*x - x + 80 = 0, -f*r = -x - 116. Calculate the remainder when r is divided by 15.
13
Let k = 20 + -5. What is the remainder when 69 is divided by k?
9
Let p = 2 - -20. What is the remainder when 64 is divided by p?
20
Suppose 0 = -4*b - 0*b + 364. Calculate the remainder when b is divided by 23.
22
Let m = 247 - 190. Calculate the remainder when 455 is divided by m.
56
Let a(r) = r**2 + 2*r - 3. Calculate the remainder when 78 is divided by a(-6).
15
Let j be 3/(-12) - 238/8. Let u = j + 42. Calculate the remainder when 981/21 - (-2)/7 is divided by u.
11
Let p(v) = 36*v**2 - 1. Let a = 53 + -41. What is the remainder when p(1) is divided by a?
11
What is the remainder when 18 is divided by (10 + -5)*(-3)/(-3)?
3
Let m(z) = z**3 + 3*z**2 - 3*z - 3. Suppose k - 1 = 8. Calculate the remainder when k is divided by m(-3).
3
Let a(v) = v + 3. Let s be a(-3). What is the remainder when 50 is divided by s + (42/3 - -3)?
16
Calculate the remainder when 55 is divided by 4/(-30) + -182*(-1)/15.
7
Let r(u) = u**3 - 13*u**2 - 8*u - 20. What is the remainder when 446 is divided by r(14)?
62
Let l be 14*1*1/1. Suppose 10 + l = 2*n. Suppose j - 10 + 0 = -3*v, 2*v = 4*j - n. Calculate the remainder when 7 is divided by j.
3
Suppose -3*q = 2*q - 35. Calcul